 + 3*d. Let b = 2 - o. Suppose u + 3*u - 856 = q, 3*u + b*q - 661 = 0. Is u prime?
False
Let y be 12/(-16) - 62/(-8). Let o(z) = -z**2 + 11*z - 9. Is o(y) prime?
True
Let q = -2 - -8. Suppose -y = -0*y + q. Let z(h) = -2*h - 5. Is z(y) a prime number?
True
Let v = -1105 - -2442. Is v composite?
True
Let x = 367 - -1130. Is x a prime number?
False
Let s be 2/((-4)/(-77))*2. Let d be (8/(-12))/(1/(-6)). Suppose d*n = -s + 385. Is n a prime number?
False
Let w(n) = 13*n**2 + n + 1. Suppose 6 = 2*j - 0*j. Suppose 0 = -i - 2*i - j. Is w(i) a prime number?
True
Let w(i) = 5*i + 2 - i**3 + 4 + 6*i**2 + 2. Let p be w(6). Suppose -n = n - p. Is n prime?
True
Suppose -4*m + g - 56 = -8*m, -4*m = 4*g - 44. Let s = m - 12. Is s a prime number?
True
Let u(o) = 14*o**2 + 7*o - 14. Is u(5) a composite number?
True
Let j be (-2)/4*-1*-2. Is 8*11 - 1/j a composite number?
False
Let h(w) = w + 37. Is h(-11) composite?
True
Let n = -3 + 182. Is n a composite number?
False
Let y = 19 - 19. Is 643 - 2/(1 + y) prime?
True
Let k be (-5 - -1)*-1*-1. Suppose -46 = 4*w - 10. Is 44*(w/k + -1) composite?
True
Suppose 3*z = -2*z + 185. Is z composite?
False
Let a be (-2 - -3)/(1/4). Let f = 7 - a. Let q = 29 - f. Is q a prime number?
False
Suppose -m + 2*z + z - 5 = 0, 2*m + 10 = z. Suppose 4 = 3*p - 2*g + 3, -p + 5 = 4*g. Is (p - -4)/(m/(-35)) prime?
False
Let f(u) = u**2 - 2. Let w be f(2). Let n be -1 + (2 - 1) - -15. Is ((-85)/n)/(w/(-12)) a prime number?
False
Let r be -4 - -4 - (-2 + 12). Let m(q) = q - 1. Let b(i) = 8*i - 6. Let h(d) = r*m(d) + b(d). Is h(-5) a prime number?
False
Let i be (-4 - -3)/(-3 - -2). Is (91 - 0) + (i - 1) prime?
False
Let g(h) = h. Let x be g(2). Let f(k) = 8*k**3 + 2*k**2 - 2*k + 1. Is f(x) composite?
True
Let h(u) = u**2 + 1. Let g be h(-1). Suppose 0*m + 4*m + 4*w = 832, -6 = g*w. Is m a prime number?
True
Suppose 3*s - 2*u - 879 = 0, -5*s + 0*u + u + 1465 = 0. Is s a composite number?
False
Let y(f) = f + 2. Let x be y(2). Suppose 0*i - x*i = -444. Is i a prime number?
False
Let r = 371 + -244. Is r prime?
True
Let g = -4785 - -8986. Is g composite?
False
Let f(h) be the second derivative of 3*h**5/10 - h**4/6 - h**3/2 + 3*h**2/2 + 4*h. Is f(2) a composite number?
False
Is (-4)/6 + (-10244)/12*-1 composite?
False
Let q be (1 + -2 - 382)*-1. Let m = -118 + q. Is m prime?
False
Suppose -3*p + 506 = 77. Is p composite?
True
Let s = 15 - 12. Suppose 2*c = -5*r + 110, s*c + 5*r - 65 = 100. Is c a composite number?
True
Suppose 0 = 4*g - 15 - 5. Suppose g*k - 87 = 18. Is k prime?
False
Let o = -9 - -9. Suppose -c = -o + 2. Is c*((-202)/4 - -2) a prime number?
True
Suppose 0 = 3*l - 3*c - 3, 3*c = -l + 7 + 14. Let s be (-6)/(-4)*(-5080)/l. Is ((-1)/(-2))/((-5)/s) a prime number?
True
Let t(y) = y**3 - 7*y**2 - 8*y + 3. Let w be t(9). Suppose 2*r - 3*r = 59. Let f = r + w. Is f a prime number?
False
Let y = 3 - 3. Suppose 0 = -2*r + 2*f + 202, r + y*f - 109 = 3*f. Is r prime?
True
Suppose i + 11 = -2*m, 11 + 18 = -4*i - 5*m. Let x be 0*(i/(-2) + -1). Suppose 2*v + 2*v + 3*f = 67, x = 5*v - 3*f - 50. Is v prime?
True
Let g = 10 + 9. Is g prime?
True
Let k = 3 + -2. Is 0/k - (-14)/7 a prime number?
True
Let v be 6/(-4)*(-5684)/21. Suppose v = -3*n + 5*n. Is n a prime number?
False
Let u = -12 - -21. Is u a prime number?
False
Let n be (-1904)/(-10) + (-2)/5. Suppose 0*b + 3*b + 5*p - n = 0, -5*p = 2*b - 135. Is b a composite number?
True
Suppose 258 = 4*t - 3*p, t + 3*p - 70 = p. Suppose 4*v - 262 + t = 0. Is v prime?
False
Suppose 4*p + u = -1, -2*u + 0*u = 5*p + 2. Suppose 268 = w - 2*v, 0 = -5*w + 4*v - p*v + 1340. Is (-1)/(-2)*w/2 prime?
True
Let f = -436 + 989. Is f a composite number?
True
Let l(j) = j**2 - 13*j + 11. Is l(17) a composite number?
False
Let j = 16 + -8. Suppose -16 = -2*h + 5*l - 2, 5*h = -l + j. Suppose -t - h*t = -177. Is t a prime number?
True
Suppose 0 = 3*k - k. Suppose -4 = -k*m - m. Suppose m*c = t + 133 + 137, 266 = 4*c + t. Is c composite?
False
Let p(x) = x + 10. Let d be p(-8). Suppose 4*a - 3*f = 98, 4*f + 100 = 2*a + d*a. Is a composite?
False
Suppose 11 = 2*c + r, -3*c + c - 2*r = -10. Is c a prime number?
False
Let s(l) = l**2 + l. Let z be s(-2). Suppose z = -2*y + 3*y. Suppose -y*i = -81 - 113. Is i a prime number?
True
Suppose 1354 = 4*s + 550. Is s a composite number?
True
Let b = 3 + -7. Is 1045/45 + b/18 a prime number?
True
Let y be (-326)/22 + 2/(-11). Is (20/y)/((-6)/261) a composite number?
True
Let j(h) = -220*h - 1. Let q be j(-2). Suppose 5*p - 3394 + q = 0. Suppose 0*x - x + 120 = -l, -5*x - 4*l = -p. Is x prime?
False
Is (4/(-2))/(20/(-2110)) a composite number?
False
Suppose 0*y - 2*y + 4202 = 0. Is y a composite number?
True
Let d be (-4)/10 - 44/(-10). Suppose 237 = -k + d*k. Is k prime?
True
Let r = 8 + -11. Is 48/2 - (5 + r) composite?
True
Suppose 3*g - 70 = -2*g. Is g/63 + 13478/18 a prime number?
False
Let x(r) = 6*r**3 + 4*r**2 - 1. Let g(s) = -17*s**3 - 11*s**2 + 2. Let q(o) = -2*g(o) - 7*x(o). Is q(-4) composite?
False
Let x = 2 + -3. Is (x/(-1))/((-2)/(-118)) prime?
True
Let b(j) = 4 + 4 - 6 + 5*j. Let f be b(6). Suppose -o = -f - 5. Is o prime?
True
Is 519/2*(1 - -1) a prime number?
False
Let b = 4 + -4. Let s be 5 + -1*(-1 - -1). Suppose b = 4*i - s*f - 99, 4*f = 6*f - 10. Is i composite?
False
Let g(y) = 11 + 49*y + 1 - 3. Let q be g(9). Suppose 330 = 3*r + j, 4*r - j - j = q. Is r composite?
True
Let s = -2 + 8. Suppose -17 = -a + 3*g, 0 = g - 4*g + s. Is a a prime number?
True
Is ((-15)/(-20)*358)/(2/4) a prime number?
False
Let n be 136 - 0/(-1 + 2). Let q be n/10 - (-2)/5. Let a = q + 1. Is a a prime number?
False
Let c(r) = 12*r**3 - 3*r**2 - 10*r - 4. Is c(5) a composite number?
True
Suppose -4*f + 7 = -5. Suppose 0 = f*r - 7 - 2. Suppose 505 = 5*t - 4*b, 7*t = r*t + 4*b + 408. Is t a composite number?
False
Let p be -1*(0 + -132 + 1). Let w = 246 - p. Is w a prime number?
False
Let l be 22*1 - (0 - 0). Let u = 49 + 10. Let t = u - l. Is t a composite number?
False
Suppose -j = 2, 4*z - 5*z + j + 15 = 0. Suppose 1 = -2*x - z. Let m(u) = -9*u - 4. Is m(x) a prime number?
True
Is 8/(-76) + (-9559)/(-19) a composite number?
False
Suppose 0 = -n - 3*o + 287, 5*o + 294 + 595 = 3*n. Is n a prime number?
True
Let o(q) = q**2 + q. Let k(b) = -3*b**2 - 3*b + 5. Let p(g) = -k(g) - 2*o(g). Let c(d) = 6*d**3 + 2*d**2 - d - 1. Let x be c(1). Is p(x) a composite number?
False
Let a(h) = -h**3 + 5*h**2 + 2*h - 4. Let x be 2 + (-3)/(2 - 3). Is a(x) a prime number?
False
Suppose 0 = -s - 2*s - 3. Let d be (-1 + 3)/(s/8). Let n = d + 35. Is n a composite number?
False
Let p(m) = m**3 + 11*m**2 - 11*m - 2. Is p(-11) composite?
True
Let s be (4/(-10))/((-6)/15). Is (-3 - (-12 - -2))/s composite?
False
Let x(c) = c - 4. Let p be x(9). Suppose -3*j + 15 = -2*h, p = j - 5*h - 0*h. Suppose -j*f - 15 = -10*f. Is f prime?
True
Let g(f) = -f**3 + 2*f**2 - 4*f + 5. Is g(-6) a prime number?
True
Suppose 5*u + 4*w = 0, 3*u - 3*w + 1 + 26 = 0. Is u/(-6)*(-153)/(-2) composite?
True
Let m(l) = -5*l**3 + 4*l**2 + 4*l. Is m(-3) composite?
True
Let z = 1828 + -933. Is z a prime number?
False
Let g be (-6)/2*(-16)/(-12). Is 5/10 + (-234)/g a composite number?
False
Suppose -3*x = 4*m - 10, -5*m + 5 = 3*x - 6. Suppose 0 = -x*q - 5 - 1. Is (2/q)/(10/(-45)) composite?
False
Let d(i) = -i**3 - 6*i**2 - i - 2. Let w be d(-6). Let n be (-6)/w*-10 - 2. Suppose -j + n = -2. Is j prime?
False
Let i(s) = -s - 5. Let k be i(-7). Suppose -2*f - 1248 = -k*u - 3*u, -3*u - 5*f = -724. Let m = -163 + u. Is m a prime number?
False
Suppose 14495 = 3*b + 5*m, 9*b = 5*b + 2*m + 19344. Is b prime?
False
Is -53*(-61)/5 + 6/15 a composite number?
False
Is ((-22)/(-4))/(1/74) a prime number?
False
Let w = 527 + 386. Is w a prime number?
False
Suppose 2*g = -l + 44, 0*g - l - 48 = -2*g. Suppose -3*f = 3*v - 1224, -v + g = 2*f - 380. Is v composite?
True
Suppose -3*u - 2*a - 2 = -10, -4 = -2*u - a. Suppose 3*c = -u*c + 57. Is c composite?
False
Let d = 146 + -13. Is d composite?
True
Let a(r) = 3*r - 3. Let w(f) = -4*f + 4. Let u(i) = 3*a(i) + 2*w(i). Let p be u(1). Suppose 1492 = -p*b + 4*b. Is b composite?
False
Suppose 6023 + 2790 = 7*k. Is k prime?
True
Suppose 0 = -l - 6 + 3. Let z be l/2 - (-6)/(-12). Is (z/(-4))/(2/40) a p